{"id":4458,"date":"2020-07-20T12:42:53","date_gmt":"2020-07-20T15:42:53","guid":{"rendered":"https:\/\/www.analuizakoehler.com\/becodorosario\/?page_id=4458"},"modified":"2020-10-09T19:05:33","modified_gmt":"2020-10-09T22:05:33","slug":"pre-venda-do-beco-do-rosario","status":"publish","type":"page","link":"https:\/\/www.analuizakoehler.com\/becodorosario\/pre-venda-do-beco-do-rosario\/","title":{"rendered":"Compre sua HQ!"},"content":{"rendered":"<p>A hist\u00f3ria em quadrinhos est\u00e1 dispon\u00edvel em livrarias de todo o Brasil, mas voc\u00ea pode adquirir diretamente com a <a href=\"https:\/\/veneta.com.br\/produto\/pre-venda-beco-do-rosario\/\" target=\"_blank\" rel=\"noopener noreferrer\">editora Veneta<\/a>\u00a0ou nas seguintes comic shops:<\/p>\n<p><a href=\"https:\/\/lojamonstra.com.br\/produto\/beco-do-rosario-pre-venda-disponivel-a-partir-de-25-08\/\" target=\"_blank\" rel=\"noopener noreferrer\">Loja Monstra (S\u00e3o Paulo &#8211; SP)<\/a><\/p>\n<p><a href=\"https:\/\/www.ugrapress.com.br\/produtos\/beco-do-rosario\/\" target=\"_blank\" rel=\"noopener noreferrer\">Ugra Press (S\u00e3o Paulo &#8211; SP)<\/a><\/p>\n<p><a href=\"https:\/\/www.itibancomicshop.com.br\/produtos\/beco-do-rosario\/\" target=\"_blank\" rel=\"noopener noreferrer\">Itiban (Curitiba &#8211; PR)<\/a><\/p>\n<figure id=\"attachment_4462\" aria-describedby=\"caption-attachment-4462\" style=\"width: 660px\" class=\"wp-caption aligncenter\"><a href=\"https:\/\/www.analuizakoehler.com\/becodorosario\/wp-content\/uploads\/2020\/07\/Pr\u00e9-venda-capa_beco-do-ros\u00e1rio-830x1107-1.jpg\"><img loading=\"lazy\" decoding=\"async\" class=\"size-large wp-image-4462\" src=\"https:\/\/www.analuizakoehler.com\/becodorosario\/wp-content\/uploads\/2020\/07\/Pr\u00e9-venda-capa_beco-do-ros\u00e1rio-830x1107-1-768x1024.jpg\" alt=\"Beco do Ros\u00e1rio - capa\" width=\"660\" height=\"880\" srcset=\"https:\/\/www.analuizakoehler.com\/becodorosario\/wp-content\/uploads\/2020\/07\/Pr\u00e9-venda-capa_beco-do-ros\u00e1rio-830x1107-1-768x1024.jpg 768w, https:\/\/www.analuizakoehler.com\/becodorosario\/wp-content\/uploads\/2020\/07\/Pr\u00e9-venda-capa_beco-do-ros\u00e1rio-830x1107-1-225x300.jpg 225w, https:\/\/www.analuizakoehler.com\/becodorosario\/wp-content\/uploads\/2020\/07\/Pr\u00e9-venda-capa_beco-do-ros\u00e1rio-830x1107-1-7x10.jpg 7w, https:\/\/www.analuizakoehler.com\/becodorosario\/wp-content\/uploads\/2020\/07\/Pr\u00e9-venda-capa_beco-do-ros\u00e1rio-830x1107-1-432x576.jpg 432w, https:\/\/www.analuizakoehler.com\/becodorosario\/wp-content\/uploads\/2020\/07\/Pr\u00e9-venda-capa_beco-do-ros\u00e1rio-830x1107-1-396x528.jpg 396w, https:\/\/www.analuizakoehler.com\/becodorosario\/wp-content\/uploads\/2020\/07\/Pr\u00e9-venda-capa_beco-do-ros\u00e1rio-830x1107-1-660x880.jpg 660w, https:\/\/www.analuizakoehler.com\/becodorosario\/wp-content\/uploads\/2020\/07\/Pr\u00e9-venda-capa_beco-do-ros\u00e1rio-830x1107-1-165x220.jpg 165w, https:\/\/www.analuizakoehler.com\/becodorosario\/wp-content\/uploads\/2020\/07\/Pr\u00e9-venda-capa_beco-do-ros\u00e1rio-830x1107-1.jpg 830w\" sizes=\"auto, (max-width: 600px) 91vw, (max-width: 900px) 600px, (max-width: 1060px) 50vw, (max-width: 1200px) 520px, (max-width: 1400px) 43vw, 600px\" \/><\/a><figcaption id=\"caption-attachment-4462\" class=\"wp-caption-text\">Capa da hist\u00f3ria em quadrinhos &#8220;Beco do Ros\u00e1rio&#8221;<\/figcaption><\/figure>\n<p>&nbsp;<\/p>\n","protected":false},"excerpt":{"rendered":"<p>A hist\u00f3ria em quadrinhos est\u00e1 dispon\u00edvel em livrarias de todo o Brasil, mas voc\u00ea pode adquirir diretamente com a editora Veneta\u00a0ou nas seguintes comic shops: Loja Monstra (S\u00e3o Paulo &#8211; SP) Ugra Press (S\u00e3o Paulo &#8211; SP) Itiban (Curitiba &#8211; PR) &nbsp;<\/p>\n","protected":false},"author":2,"featured_media":0,"parent":0,"menu_order":0,"comment_status":"closed","ping_status":"closed","template":"","meta":{"ngg_post_thumbnail":0,"footnotes":""},"class_list":["post-4458","page","type-page","status-publish","hentry","entry-image--landscape"],"_links":{"self":[{"href":"https:\/\/www.analuizakoehler.com\/becodorosario\/wp-json\/wp\/v2\/pages\/4458","targetHints":{"allow":["GET"]}}],"collection":[{"href":"https:\/\/www.analuizakoehler.com\/becodorosario\/wp-json\/wp\/v2\/pages"}],"about":[{"href":"https:\/\/www.analuizakoehler.com\/becodorosario\/wp-json\/wp\/v2\/types\/page"}],"author":[{"embeddable":true,"href":"https:\/\/www.analuizakoehler.com\/becodorosario\/wp-json\/wp\/v2\/users\/2"}],"replies":[{"embeddable":true,"href":"https:\/\/www.analuizakoehler.com\/becodorosario\/wp-json\/wp\/v2\/comments?post=4458"}],"version-history":[{"count":5,"href":"https:\/\/www.analuizakoehler.com\/becodorosario\/wp-json\/wp\/v2\/pages\/4458\/revisions"}],"predecessor-version":[{"id":4538,"href":"https:\/\/www.analuizakoehler.com\/becodorosario\/wp-json\/wp\/v2\/pages\/4458\/revisions\/4538"}],"wp:attachment":[{"href":"https:\/\/www.analuizakoehler.com\/becodorosario\/wp-json\/wp\/v2\/media?parent=4458"}],"curies":[{"name":"wp","href":"https:\/\/api.w.org\/{rel}","templated":true}]}}